{"id":2871,"date":"2021-10-03T11:36:58","date_gmt":"2021-10-03T09:36:58","guid":{"rendered":"https:\/\/racines.ovh\/?post_type=product&#038;p=2871"},"modified":"2023-10-28T14:51:52","modified_gmt":"2023-10-28T12:51:52","slug":"kaviar-des-jardins","status":"publish","type":"product","link":"https:\/\/gebnout.fr\/index.php\/produit\/kaviar-des-jardins\/","title":{"rendered":"Kaviar v\u00e9g\u00e9tal des Jardins"},"content":{"rendered":"<p>&nbsp;<\/p>\n<p>&nbsp;<\/p>\n","protected":false},"excerpt":{"rendered":"<p><strong>Poids net : environ 200g<\/strong><\/p>\n<p>Hymne \u00e0 la lumi\u00e8re et au soleil.<\/p>\n<p>Un m\u00e9lange de plantes toniques, de plantes sauvages, d&#8217;aromatiques, de fleurs, broy\u00e9s crus avec de l&#8217;huile d&#8217;olive et du vinaigre de cidre.<\/p>\n<p>Ce kaviar v\u00e9g\u00e9tal contribue \u00e0 une bonne digestion, apporte de la tonicit\u00e9 par la haute teneur en vitamine C de la capucine.<\/p>\n<p>L&#8217;arroche rouge apporte sa rondeur, un v\u00e9ritable beurre v\u00e9g\u00e9tal.<\/p>\n<p><strong>A d\u00e9guster<\/strong>\u00a0sur du pain en tapenade, pain d&#8217;\u00e9pices &#8230; avec une c\u00e9r\u00e9ale : riz , p\u00e2tes, des\u00a0l\u00e9gumes, \u00e0 d\u00e9layer dans votre vinaigrette.<\/p>\n<p>La\u00a0<strong>Nature<\/strong>\u00a0nous enchante par la multitude de ses saveurs.<\/p>\n<p>Un moyen simple de b\u00e9n\u00e9ficier de l\u2019\u00e9clat des plantes d\u2019\u00e9t\u00e9 riches en chaleur et lumi\u00e8re.<\/p>\n","protected":false},"featured_media":2836,"comment_status":"open","ping_status":"closed","template":"","meta":{"neve_meta_sidebar":"","neve_meta_container":"contained","neve_meta_enable_content_width":"off","neve_meta_content_width":100,"neve_meta_title_alignment":"","neve_meta_author_avatar":"","neve_post_elements_order":"","neve_meta_disable_header":"","neve_meta_disable_footer":"","neve_meta_disable_title":"","_ti_tpc_template_sync":false,"_ti_tpc_template_id":""},"product_cat":[51],"product_tag":[],"yoast_head":"<!-- This site is optimized with the Yoast SEO plugin v22.6 - https:\/\/yoast.com\/wordpress\/plugins\/seo\/ -->\n<title>Kaviar v\u00e9g\u00e9tal des jardins - beurre v\u00e9g\u00e9tal aux plantes<\/title>\n<meta name=\"description\" content=\"D\u00e9gustez le kaviar v\u00e9g\u00e9tal cru : beurre v\u00e9g\u00e9tal \u00e0 base de plantes toniques d&#039;\u00e9t\u00e9 : sauvages, aromatiques et fleurs. Label nature et progr\u00e8s.\" \/>\n<meta name=\"robots\" content=\"index, follow, max-snippet:-1, max-image-preview:large, max-video-preview:-1\" \/>\n<link rel=\"canonical\" href=\"https:\/\/gebnout.fr\/index.php\/produit\/kaviar-des-jardins\/\" \/>\n<meta property=\"og:locale\" content=\"fr_FR\" \/>\n<meta property=\"og:type\" content=\"article\" \/>\n<meta property=\"og:title\" content=\"Kaviar v\u00e9g\u00e9tal des jardins - beurre v\u00e9g\u00e9tal aux plantes\" \/>\n<meta property=\"og:description\" content=\"D\u00e9gustez le kaviar v\u00e9g\u00e9tal cru : beurre v\u00e9g\u00e9tal \u00e0 base de plantes toniques d&#039;\u00e9t\u00e9 : sauvages, aromatiques et fleurs. Label nature et progr\u00e8s.\" \/>\n<meta property=\"og:url\" content=\"https:\/\/gebnout.fr\/index.php\/produit\/kaviar-des-jardins\/\" \/>\n<meta property=\"og:site_name\" content=\"Geb Nout\" \/>\n<meta property=\"article:modified_time\" content=\"2023-10-28T12:51:52+00:00\" \/>\n<meta property=\"og:image\" content=\"https:\/\/gebnout.fr\/wp-content\/uploads\/2021\/10\/pistou-des-jardins.jpg\" \/>\n\t<meta property=\"og:image:width\" content=\"2356\" \/>\n\t<meta property=\"og:image:height\" content=\"1672\" \/>\n\t<meta property=\"og:image:type\" content=\"image\/jpeg\" \/>\n<meta name=\"twitter:card\" content=\"summary_large_image\" \/>\n<script type=\"application\/ld+json\" class=\"yoast-schema-graph\">{\"@context\":\"https:\/\/schema.org\",\"@graph\":[{\"@type\":\"WebPage\",\"@id\":\"https:\/\/gebnout.fr\/index.php\/produit\/kaviar-des-jardins\/\",\"url\":\"https:\/\/gebnout.fr\/index.php\/produit\/kaviar-des-jardins\/\",\"name\":\"Kaviar v\u00e9g\u00e9tal des jardins - beurre v\u00e9g\u00e9tal aux plantes\",\"isPartOf\":{\"@id\":\"https:\/\/gebnout.fr\/#website\"},\"primaryImageOfPage\":{\"@id\":\"https:\/\/gebnout.fr\/index.php\/produit\/kaviar-des-jardins\/#primaryimage\"},\"image\":{\"@id\":\"https:\/\/gebnout.fr\/index.php\/produit\/kaviar-des-jardins\/#primaryimage\"},\"thumbnailUrl\":\"https:\/\/i0.wp.com\/gebnout.fr\/wp-content\/uploads\/2021\/10\/pistou-des-jardins.jpg?fit=2356%2C1672&ssl=1\",\"datePublished\":\"2021-10-03T09:36:58+00:00\",\"dateModified\":\"2023-10-28T12:51:52+00:00\",\"description\":\"D\u00e9gustez le kaviar v\u00e9g\u00e9tal cru : beurre v\u00e9g\u00e9tal \u00e0 base de plantes toniques d'\u00e9t\u00e9 : sauvages, aromatiques et fleurs. Label nature et progr\u00e8s.\",\"breadcrumb\":{\"@id\":\"https:\/\/gebnout.fr\/index.php\/produit\/kaviar-des-jardins\/#breadcrumb\"},\"inLanguage\":\"fr-FR\",\"potentialAction\":[{\"@type\":\"ReadAction\",\"target\":[\"https:\/\/gebnout.fr\/index.php\/produit\/kaviar-des-jardins\/\"]}]},{\"@type\":\"ImageObject\",\"inLanguage\":\"fr-FR\",\"@id\":\"https:\/\/gebnout.fr\/index.php\/produit\/kaviar-des-jardins\/#primaryimage\",\"url\":\"https:\/\/i0.wp.com\/gebnout.fr\/wp-content\/uploads\/2021\/10\/pistou-des-jardins.jpg?fit=2356%2C1672&ssl=1\",\"contentUrl\":\"https:\/\/i0.wp.com\/gebnout.fr\/wp-content\/uploads\/2021\/10\/pistou-des-jardins.jpg?fit=2356%2C1672&ssl=1\",\"width\":2356,\"height\":1672},{\"@type\":\"BreadcrumbList\",\"@id\":\"https:\/\/gebnout.fr\/index.php\/produit\/kaviar-des-jardins\/#breadcrumb\",\"itemListElement\":[{\"@type\":\"ListItem\",\"position\":1,\"name\":\"Accueil\",\"item\":\"https:\/\/gebnout.fr\/\"},{\"@type\":\"ListItem\",\"position\":2,\"name\":\"Boutique\",\"item\":\"https:\/\/gebnout.fr\/index.php\/boutique\/\"},{\"@type\":\"ListItem\",\"position\":3,\"name\":\"Kaviar v\u00e9g\u00e9tal des Jardins\"}]},{\"@type\":\"WebSite\",\"@id\":\"https:\/\/gebnout.fr\/#website\",\"url\":\"https:\/\/gebnout.fr\/\",\"name\":\"Geb Nout\",\"description\":\"Passeur de v\u00e9g\u00e9taux\",\"publisher\":{\"@id\":\"https:\/\/gebnout.fr\/#organization\"},\"potentialAction\":[{\"@type\":\"SearchAction\",\"target\":{\"@type\":\"EntryPoint\",\"urlTemplate\":\"https:\/\/gebnout.fr\/?s={search_term_string}\"},\"query-input\":\"required name=search_term_string\"}],\"inLanguage\":\"fr-FR\"},{\"@type\":\"Organization\",\"@id\":\"https:\/\/gebnout.fr\/#organization\",\"name\":\"Geb Nout\",\"url\":\"https:\/\/gebnout.fr\/\",\"logo\":{\"@type\":\"ImageObject\",\"inLanguage\":\"fr-FR\",\"@id\":\"https:\/\/gebnout.fr\/#\/schema\/logo\/image\/\",\"url\":\"https:\/\/i0.wp.com\/gebnout.fr\/wp-content\/uploads\/2023\/04\/bourgeon-cassis-e1708104877110.png?fit=100%2C114&ssl=1\",\"contentUrl\":\"https:\/\/i0.wp.com\/gebnout.fr\/wp-content\/uploads\/2023\/04\/bourgeon-cassis-e1708104877110.png?fit=100%2C114&ssl=1\",\"width\":100,\"height\":114,\"caption\":\"Geb Nout\"},\"image\":{\"@id\":\"https:\/\/gebnout.fr\/#\/schema\/logo\/image\/\"}}]}<\/script>\n<!-- \/ Yoast SEO plugin. -->","yoast_head_json":{"title":"Kaviar v\u00e9g\u00e9tal des jardins - beurre v\u00e9g\u00e9tal aux plantes","description":"D\u00e9gustez le kaviar v\u00e9g\u00e9tal cru : beurre v\u00e9g\u00e9tal \u00e0 base de plantes toniques d'\u00e9t\u00e9 : sauvages, aromatiques et fleurs. Label nature et progr\u00e8s.","robots":{"index":"index","follow":"follow","max-snippet":"max-snippet:-1","max-image-preview":"max-image-preview:large","max-video-preview":"max-video-preview:-1"},"canonical":"https:\/\/gebnout.fr\/index.php\/produit\/kaviar-des-jardins\/","og_locale":"fr_FR","og_type":"article","og_title":"Kaviar v\u00e9g\u00e9tal des jardins - beurre v\u00e9g\u00e9tal aux plantes","og_description":"D\u00e9gustez le kaviar v\u00e9g\u00e9tal cru : beurre v\u00e9g\u00e9tal \u00e0 base de plantes toniques d'\u00e9t\u00e9 : sauvages, aromatiques et fleurs. Label nature et progr\u00e8s.","og_url":"https:\/\/gebnout.fr\/index.php\/produit\/kaviar-des-jardins\/","og_site_name":"Geb Nout","article_modified_time":"2023-10-28T12:51:52+00:00","og_image":[{"width":2356,"height":1672,"url":"https:\/\/gebnout.fr\/wp-content\/uploads\/2021\/10\/pistou-des-jardins.jpg","type":"image\/jpeg"}],"twitter_card":"summary_large_image","schema":{"@context":"https:\/\/schema.org","@graph":[{"@type":"WebPage","@id":"https:\/\/gebnout.fr\/index.php\/produit\/kaviar-des-jardins\/","url":"https:\/\/gebnout.fr\/index.php\/produit\/kaviar-des-jardins\/","name":"Kaviar v\u00e9g\u00e9tal des jardins - beurre v\u00e9g\u00e9tal aux plantes","isPartOf":{"@id":"https:\/\/gebnout.fr\/#website"},"primaryImageOfPage":{"@id":"https:\/\/gebnout.fr\/index.php\/produit\/kaviar-des-jardins\/#primaryimage"},"image":{"@id":"https:\/\/gebnout.fr\/index.php\/produit\/kaviar-des-jardins\/#primaryimage"},"thumbnailUrl":"https:\/\/i0.wp.com\/gebnout.fr\/wp-content\/uploads\/2021\/10\/pistou-des-jardins.jpg?fit=2356%2C1672&ssl=1","datePublished":"2021-10-03T09:36:58+00:00","dateModified":"2023-10-28T12:51:52+00:00","description":"D\u00e9gustez le kaviar v\u00e9g\u00e9tal cru : beurre v\u00e9g\u00e9tal \u00e0 base de plantes toniques d'\u00e9t\u00e9 : sauvages, aromatiques et fleurs. Label nature et progr\u00e8s.","breadcrumb":{"@id":"https:\/\/gebnout.fr\/index.php\/produit\/kaviar-des-jardins\/#breadcrumb"},"inLanguage":"fr-FR","potentialAction":[{"@type":"ReadAction","target":["https:\/\/gebnout.fr\/index.php\/produit\/kaviar-des-jardins\/"]}]},{"@type":"ImageObject","inLanguage":"fr-FR","@id":"https:\/\/gebnout.fr\/index.php\/produit\/kaviar-des-jardins\/#primaryimage","url":"https:\/\/i0.wp.com\/gebnout.fr\/wp-content\/uploads\/2021\/10\/pistou-des-jardins.jpg?fit=2356%2C1672&ssl=1","contentUrl":"https:\/\/i0.wp.com\/gebnout.fr\/wp-content\/uploads\/2021\/10\/pistou-des-jardins.jpg?fit=2356%2C1672&ssl=1","width":2356,"height":1672},{"@type":"BreadcrumbList","@id":"https:\/\/gebnout.fr\/index.php\/produit\/kaviar-des-jardins\/#breadcrumb","itemListElement":[{"@type":"ListItem","position":1,"name":"Accueil","item":"https:\/\/gebnout.fr\/"},{"@type":"ListItem","position":2,"name":"Boutique","item":"https:\/\/gebnout.fr\/index.php\/boutique\/"},{"@type":"ListItem","position":3,"name":"Kaviar v\u00e9g\u00e9tal des Jardins"}]},{"@type":"WebSite","@id":"https:\/\/gebnout.fr\/#website","url":"https:\/\/gebnout.fr\/","name":"Geb Nout","description":"Passeur de v\u00e9g\u00e9taux","publisher":{"@id":"https:\/\/gebnout.fr\/#organization"},"potentialAction":[{"@type":"SearchAction","target":{"@type":"EntryPoint","urlTemplate":"https:\/\/gebnout.fr\/?s={search_term_string}"},"query-input":"required name=search_term_string"}],"inLanguage":"fr-FR"},{"@type":"Organization","@id":"https:\/\/gebnout.fr\/#organization","name":"Geb Nout","url":"https:\/\/gebnout.fr\/","logo":{"@type":"ImageObject","inLanguage":"fr-FR","@id":"https:\/\/gebnout.fr\/#\/schema\/logo\/image\/","url":"https:\/\/i0.wp.com\/gebnout.fr\/wp-content\/uploads\/2023\/04\/bourgeon-cassis-e1708104877110.png?fit=100%2C114&ssl=1","contentUrl":"https:\/\/i0.wp.com\/gebnout.fr\/wp-content\/uploads\/2023\/04\/bourgeon-cassis-e1708104877110.png?fit=100%2C114&ssl=1","width":100,"height":114,"caption":"Geb Nout"},"image":{"@id":"https:\/\/gebnout.fr\/#\/schema\/logo\/image\/"}}]}},"jetpack_sharing_enabled":true,"_links":{"self":[{"href":"https:\/\/gebnout.fr\/index.php\/wp-json\/wp\/v2\/product\/2871"}],"collection":[{"href":"https:\/\/gebnout.fr\/index.php\/wp-json\/wp\/v2\/product"}],"about":[{"href":"https:\/\/gebnout.fr\/index.php\/wp-json\/wp\/v2\/types\/product"}],"replies":[{"embeddable":true,"href":"https:\/\/gebnout.fr\/index.php\/wp-json\/wp\/v2\/comments?post=2871"}],"version-history":[{"count":6,"href":"https:\/\/gebnout.fr\/index.php\/wp-json\/wp\/v2\/product\/2871\/revisions"}],"predecessor-version":[{"id":6338,"href":"https:\/\/gebnout.fr\/index.php\/wp-json\/wp\/v2\/product\/2871\/revisions\/6338"}],"wp:featuredmedia":[{"embeddable":true,"href":"https:\/\/gebnout.fr\/index.php\/wp-json\/wp\/v2\/media\/2836"}],"wp:attachment":[{"href":"https:\/\/gebnout.fr\/index.php\/wp-json\/wp\/v2\/media?parent=2871"}],"wp:term":[{"taxonomy":"product_cat","embeddable":true,"href":"https:\/\/gebnout.fr\/index.php\/wp-json\/wp\/v2\/product_cat?post=2871"},{"taxonomy":"product_tag","embeddable":true,"href":"https:\/\/gebnout.fr\/index.php\/wp-json\/wp\/v2\/product_tag?post=2871"}],"curies":[{"name":"wp","href":"https:\/\/api.w.org\/{rel}","templated":true}]}}